
5
What is the ten thousands digit of 377956951?
5
What is the hundred millions digit of 372801406?
3
What is the hundred millions digit of 435813476?
4
What is the hundreds digit of 3153663?
6
What is the ten thousands digit of 115242456?
4
What is the hundred thousands digit of 133167635?
1
What is the hundred thousands digit of 252274159?
2
What is the units digit of 3384479137?
7
What is the ten thousands digit of 1121619306?
1
What is the tens digit of 227992949?
4
What is the thousands digit of 541603715?
3
What is the tens digit of 29537254?
5
What is the hundred millions digit of 124697984?
1
What is the units digit of 610686221?
1
What is the thousands digit of 2608085697?
5
What is the hundreds digit of 1068265177?
1
What is the thousands digit of 55296055?
6
What is the hundred thousands digit of 1192624576?
6
What is the ten thousands digit of 323824857?
2
What is the millions digit of 258802134?
8
What is the ten thousands digit of 1543362880?
6
What is the ten millions digit of 213700465?
1
What is the thousands digit of 46236891?
6
What is the thousands digit of 407914806?
4
What is the hundred thousands digit of 135390952?
3
What is the tens digit of 1327748294?
9
What is the ten thousands digit of 8460118130?
1
What is the hundreds digit of 69658545?
5
What is the ten thousands digit of 108433703?
3
What is the hundred millions digit of 336693751?
3
What is the hundred thousands digit of 518026187?
0
What is the millions digit of 8225925?
8
What is the thousands digit of 36428494?
8
What is the tens digit of 621868831?
3
What is the hundreds digit of 574953140?
1
What is the units digit of 52431230?
0
What is the ten thousands digit of 812815975?
1
What is the millions digit of 12125918?
2
What is the ten thousands digit of 50364697?
6
What is the millions digit of 41454045?
1
What is the hundred millions digit of 1105073402?
1
What is the units digit of 104944987?
7
What is the ten thousands digit of 9175798?
7
What is the units digit of 6718170?
0
What is the ten millions digit of 17614428?
1
What is the ten thousands digit of 421068885?
6
What is the ten thousands digit of 218371291?
7
What is the hundreds digit of 121680699?
6
What is the thousands digit of 438125731?
5
What is the billions digit of 3539372706?
3
What is the hundreds digit of 4757519488?
4
What is the tens digit of 15281235?
3
What is the millions digit of 995486994?
5
What is the thousands digit of 248226315?
6
What is the hundred thousands digit of 152776831?
7
What is the ten thousands digit of 20752687?
5
What is the thousands digit of 41696209?
6
What is the hundred thousands digit of 37967386?
9
What is the hundred thousands digit of 43925677?
9
What is the millions digit of 278453610?
8
What is the units digit of 660999719?
9
What is the hundreds digit of 54111348?
3
What is the units digit of 241479271?
1
What is the units digit of 944799488?
8
What is the hundred thousands digit of 784534699?
5
What is the ten thousands digit of 45984151?
8
What is the ten thousands digit of 4015864515?
6
What is the hundred millions digit of 4521295268?
5
What is the hundreds digit of 133726132?
1
What is the hundred thousands digit of 296660499?
6
What is the ten thousands digit of 23808996?
0
What is the hundreds digit of 3045923598?
5
What is the thousands digit of 3693064346?
4
What is the hundred thousands digit of 45143806?
1
What is the hundred millions digit of 833287983?
8
What is the units digit of 403275785?
5
What is the ten thousands digit of 12057070?
5
What is the thousands digit of 38980086?
0
What is the ten thousands digit of 47319580?
1
What is the hundred thousands digit of 60983467?
9
What is the units digit of 357219?
9
What is the millions digit of 1483336309?
3
What is the ten thousands digit of 1135622990?
2
What is the hundreds digit of 2250106529?
5
What is the tens digit of 1729985231?
3
What is the tens digit of 143989036?
3
What is the hundreds digit of 482250502?
5
What is the millions digit of 2212327707?
2
What is the hundred thousands digit of 4136651509?
6
What is the ten millions digit of 31006984?
3
What is the thousands digit of 655575474?
5
What is the thousands digit of 113826412?
6
What is the hundred thousands digit of 26712670?
7
What is the tens digit of 134777377?
7
What is the hundred thousands digit of 465602570?
6
What is the ten thousands digit of 3117452863?
5
What is the ten millions digit of 29069252?
2
What is the units digit of 727799492?
2
What is the tens digit of 253113301?
0
What is the hundreds digit of 116325956?
9
What is the thousands digit of 65263665?
3
What is the ten millions digit of 353121770?
5
What is the hundreds digit of 105053822?
8
What is the hundred thousands digit of 1235199760?
1
What is the units digit of 416544861?
1
What is the millions digit of 431465433?
1
What is the units digit of 410788348?
8
What is the ten thousands digit of 1138569049?
6
What is the millions digit of 120509503?
0
What is the ten thousands digit of 215082575?
8
What is the units digit of 34449788?
8
What is the hundreds digit of 103745907?
9
What is the ten thousands digit of 5460790?
6
What is the ten thousands digit of 80508322?
0
What is the hundreds digit of 6312704?
7
What is the ten millions digit of 581349389?
8
What is the tens digit of 1667948617?
1
What is the hundred millions digit of 115937585?
1
What is the millions digit of 532294218?
2
What is the ten millions digit of 30349984?
3
What is the thousands digit of 459602707?
2
What is the ten millions digit of 19175804?
1
What is the ten thousands digit of 28003986?
0
What is the tens digit of 39502777?
7
What is the hundreds digit of 2328745883?
8
What is the hundred thousands digit of 314157025?
1
What is the ten thousands digit of 564047829?
4
What is the billions digit of 5790757283?
5
What is the hundred millions digit of 664565144?
6
What is the ten millions digit of 611253202?
1
What is the tens digit of 2952218685?
8
What is the ten millions digit of 23092738?
2
What is the billions digit of 2657463390?
2
What is the ten millions digit of 8496435752?
9
What is the hundred thousands digit of 8451378?
4
What is the thousands digit of 4931303671?
3
What is the tens digit of 104832560?
6
What is the tens digit of 2518810749?
4
What is the millions digit of 659870755?
9
What is the tens digit of 293096280?
8
What is the ten millions digit of 308326300?
0
What is the hundreds digit of 374536172?
1
What is the thousands digit of 321105240?
5
What is the hundred thousands digit of 41812069?
8
What is the millions digit of 2419724952?
9
What is the hundred millions digit of 767963489?
7
What is the ten thousands digit of 140391442?
9
What is the thousands digit of 16337930?
7
What is the millions digit of 281096959?
1
What is the thousands digit of 1376159596?
9
What is the thousands digit of 81190301?
0
What is the millions digit of 217038299?
7
What is the ten millions digit of 1725562384?
2
What is the units digit of 3344281?
1
What is the thousands digit of 1030301516?
1
What is the millions digit of 1314492773?
4
What is the hundred thousands digit of 387129419?
1
What is the ten millions digit of 2211466707?
1
What is the tens digit of 422436969?
6
What is the ten millions digit of 39853025?
3
What is the tens digit of 3574648?
4
What is the hundred thousands digit of 46057166?
0
What is the hundred thousands digit of 127265099?
2
What is the ten thousands digit of 93346856?
4
What is the units digit of 27162402?
2
What is the millions digit of 700587531?
0
What is the ten millions digit of 276734166?
7
What is the thousands digit of 1344964611?
4
What is the units digit of 31833511?
1
What is the hundreds digit of 340199425?
4
What is the billions digit of 3367944872?
3
What is the ten millions digit of 1845352547?
4
What is the units digit of 2236179794?
4
What is the hundred millions digit of 278968797?
2
What is the hundred millions digit of 1206564104?
2
What is the ten millions digit of 138590024?
3
What is the units digit of 56220016?
6
What is the units digit of 311372826?
6
What is the hundreds digit of 29599580?
5
What is the millions digit of 98473514?
8
What is the tens digit of 1491701636?
3
What is the units digit of 5233284